*n + 20, n + 0*n = 2*r + 6. Let y be 7 + r - (-1 - -2). Suppose 4*l + 83 = y*l. What is the tens digit of l?
8
Let h be (-20)/(-80) + (-22)/(-8). Suppose 5*g = 4*l + 3119, -4*g - l + 631 = -h*g. What is the tens digit of g?
2
Suppose -4*z + 1823 = 3*h, -34*h + 37*h - 3*z - 1830 = 0. What is the tens digit of h*(4/(-26) + (-3036)/(-3003))?
2
Let w(h) be the first derivative of -h**3/3 + 5*h**2 - 5*h + 5. Let r be w(9). Suppose -91 = -r*a + 3*a + u, -4 = u. What is the tens digit of a?
8
Let v = 5700 - -976. What is the thousands digit of v?
6
What is the tens digit of 27317079/741 + (-1 - 44/(-52))?
6
Let y(w) = 1196*w - 661. What is the tens digit of y(14)?
8
Suppose -4*h + 2*h + 24 = 5*k, -5*h - 6 = -4*k. Suppose -5*r + h*l - 498 + 1623 = 0, -r + 3*l = -225. Let s = r - 152. What is the tens digit of s?
7
Let d(u) = 3*u - 249 + 2*u**2 + u**2 - 4*u**2 - 5*u**3 + 250. What is the hundreds digit of d(-5)?
5
What is the hundreds digit of -2 + 19321 + -12 + 2?
3
Let k = -14176 + 48779. What is the tens digit of k?
0
Let r = -13033 - -30848. What is the ten thousands digit of r?
1
Suppose 40*b - 71*b - 67680 = -39*b. What is the thousands digit of b?
8
Let f = 230 - 40. What is the units digit of (f/(-57))/(1/(-21))?
0
Let d(p) = p**2 - 14*p + 6. Let t = -23 + 25. Let f(l) = l**2 + l. Let x(w) = t*f(w) - d(w). What is the tens digit of x(-17)?
1
Let p = -87 - -77. Let v(t) = -28*t + 27. What is the tens digit of v(p)?
0
Let m = -1041 - -433. Let l be m/12*(14/4 - 2). Let i = l + 94. What is the units digit of i?
8
Suppose -72 = -11*r + 7*r. Let o = r + 372. Suppose 3*m - 321 = -3*y, 5*m = y + 151 + o. What is the units digit of m?
8
Suppose 5*v - 1246 = 3*q, 2*q + 622 = -v - 226. What is the units digit of 4 + -5 + 0 - q?
1
Let p = -293 + 314. Suppose p*l - 2181 = -501. What is the units digit of l?
0
Suppose 34 = 3*y - 5*n, 7 = 4*y - n + 2*n. Let o be (72/(-30))/(9/(-2850)). Suppose -5*w + o = y*w. What is the units digit of w?
5
Let j(o) = 270*o - 5365. What is the tens digit of j(50)?
3
Let t(p) = p + 1. Let u = -39 - -39. Let m be t(u). What is the units digit of (-1)/(m*(-3)/225)?
5
Let q(c) = 1843*c**2 - 4*c - 189. What is the units digit of q(-6)?
3
Let h(z) = z + 22*z + 34 - 9*z. Let m be h(11). Suppose -m = -4*d - 0*d. What is the units digit of d?
7
Let r(l) = -l**3 + l**2 - 134*l + 10167. What is the hundreds digit of r(0)?
1
Let d be (36/24)/((-2)/4) + 1411. Suppose 15*b - d = 4*b. What is the units digit of b?
8
Let o = -581 + 554. Let n(i) = i**3 + 29*i**2 + 40*i + 26. What is the units digit of n(o)?
4
Let q(y) = -y**3 + 14*y**2 - 30*y - 7. Let l(b) = 2*b**3 + 7*b**2 - 6*b - 19. Let i be l(-3). What is the hundreds digit of q(i)?
1
Suppose -3*h - 5*k - 1221 - 824 = 0, -5*h + 3*k - 3465 = 0. Let x = 1150 + h. What is the hundreds digit of x?
4
Let p(r) = -12*r - 49. Let x be p(-4). Let i = -12 + 9. What is the units digit of (-1096)/(-12) + 2 - x/i?
3
Let f = 4647 + -3268. Suppose 71 = 6*s + f. Let c = -85 - s. What is the hundreds digit of c?
1
What is the hundreds digit of (15 + 57792/18)*1/((-3)/(-45))?
3
Suppose -817*j = -824*j + 57722. What is the units digit of j?
6
Let u be 324/(-2 + 5) + -8. Suppose -u*h + 99*h = -1085. What is the units digit of h?
5
Suppose 4*z + d = 50, 35 + 36 = 5*z - 3*d. Let f(s) = z*s - 18 + 29 + 3*s. What is the units digit of f(5)?
1
Let q(w) = -133*w**2 - 9*w + 23. Let u be q(3). Let l = -695 - u. What is the tens digit of l?
0
Suppose 5*p = p - 5*o - 5736, -2*p = -3*o + 2890. Let u = -771 - p. Suppose k + 297 + 191 = 3*x, 0 = -4*x - 3*k + u. What is the hundreds digit of x?
1
Suppose 2998331 = -66*x + 198*x - 5604241. What is the tens digit of x?
7
Let w(t) = 1873*t + 1110. What is the units digit of w(6)?
8
Suppose 4*h + 3*n + 2 = 0, h + 3*n = -n + 6. Let p = -38 - -80. What is the units digit of 1099/p - h/(-12)?
6
Let w be 2/(8/43) - 63/84. Suppose -15*t = -w*t - 25. Suppose t*l + 0*m = 3*m + 460, 2*l - 5*m = 184. What is the tens digit of l?
9
Suppose 6*p - 7*p + 644 = 0. Let l = p + -252. Suppose -m = -4*r + l, 4*r - 197 = 3*m + 203. What is the tens digit of r?
9
Let r(x) = -5774*x**3 - 20*x**2 - 21*x - 2. What is the units digit of r(-1)?
3
Suppose 2*p + 128 = 11*c - 12*c, 4*p = 3*c + 384. What is the tens digit of (-2 - 2690)*32/c?
7
Suppose 28 = 5*c - 0*c - p, 12 = c + 3*p. Suppose c*a = 3*a + 363. Let n = a - 55. What is the units digit of n?
6
Let p(i) = -15*i + 5. Let s be (-32)/6 + 3 - 3/(-9). Let z(o) = -59*o + 20. Let t(k) = s*z(k) + 9*p(k). What is the units digit of t(-3)?
6
Let g = 251 + -251. Let z(o) = o**2 + 2*o + 309. What is the units digit of z(g)?
9
Suppose -3*u + 9 = 0, 2*u = 2*x - u - 181. Suppose 0 = 4*h - 9*h + x. Suppose i - h + 10 = 0. What is the units digit of i?
9
Let z(f) = 2*f**3 - 50*f**2 + f - 20. Let x be z(25). Suppose -5*b = 2*y - 460, -3*b - x*y = 2*b - 445. What is the tens digit of b?
9
Suppose -2*j + 7*j - 16 = c, 3*j = -2*c + 20. Suppose j*k - 4*w = 2185 + 2183, 3*w = 2*k - 2187. What is the hundreds digit of k?
0
Suppose -47*s = -54*s - 4543. Let z = s + 795. What is the tens digit of z?
4
Let l(t) = -t**3 - 2*t**2 - 2*t + 2. Let u = -55 - -53. Let m be l(u). Suppose f - 176 = -3*p, -m*f - 280 = -5*p - f. What is the tens digit of p?
5
What is the ten thousands digit of -1 - 3 - (-1)/(-2)*-901*106?
4
Suppose -20 = -4*j - 2*u + 32, 0 = 4*u. Suppose j*a + 17740 = 33*a. What is the units digit of a?
7
Let u = -56 + 55. Let b be ((-6)/12)/(u/2). What is the hundreds digit of ((3 - 5) + b)*-107?
1
Let d be -2 + 0 - 2 - 2*4011. What is the hundreds digit of 44/110 - d/10?
8
Let n = -214 + 216. Suppose 15*o - 12*o = -5*c + 823, 0 = c - n*o - 162. What is the units digit of c?
4
Suppose 313685 = 23*o - 779735. What is the thousands digit of o?
7
Suppose 2917 + 2690 = c + 3*s, 5*s + 28075 = 5*c. What is the tens digit of c?
1
Let w(v) = 1997*v**2 + 31*v - 22. What is the tens digit of w(4)?
5
Let f(m) = 9*m + 50. Let b be f(14). Let t = b - -328. What is the units digit of t?
4
Suppose -322*n - 70 = -327*n. Suppose 4*t = n*t - 1100. What is the hundreds digit of t?
1
Let g(n) = 13643*n - 38. Let i be g(1). Suppose 22*a - i = 7*a. What is the tens digit of a?
0
Suppose 54 = -75*v + 84*v. Let k(l) = 30*l**2 - 6*l - 39. What is the hundreds digit of k(v)?
0
Suppose 14536 - 1711 = 45*q. What is the tens digit of q?
8
Let u be ((-18)/(-27))/(2 + (-15)/9). Suppose 9*c - 237 = -3*n + 6*c, -u*c - 374 = -5*n. What is the units digit of n?
6
Suppose 0 = 15*n - 10*n - 20. Suppose -5*q = 5*b + 11 + 29, -16 = n*q. What is the units digit of 1 + -6*(-2)/b*-5?
6
Let w = -668 + 670. Let j = 1090 - w. What is the thousands digit of j?
1
Suppose 0 = -5*f - 10, 0 = -0*q - q + f - 571. Let i(l) = 7*l**3 + 10*l**2 + 23*l - 11. Let y be i(-4). Let o = y - q. What is the tens digit of o?
8
Let q(u) = u**2 + 10*u + 17. Let f(s) = 6*s + 2*s - 8 + 7 + 22 - s**2. Let r be f(11). What is the tens digit of q(r)?
4
Let c(u) = 7*u - 37. Suppose 6*q = -q + 42. Let z be c(q). Suppose 3*k - 388 = -z*n, -4*k + 392 = 2*n - 102. What is the hundreds digit of k?
1
Let h = 29770 + -12915. What is the tens digit of h?
5
Let b(p) = 7*p**3 + 8*p**2 - p - 29. Let d be b(8). Suppose -3*c - 2*q = -6101, 4*c - 6*c - 3*q + d = 0. What is the thousands digit of c?
2
Let s = -619 - -646. Suppose -s*c = -11*c - 32304. What is the thousands digit of c?
2
Let g be (90/8)/3*12/5. Suppose g*z + 798 = n + 11*z, -3*n + 2350 = -5*z. What is the units digit of n?
0
Let u = -10 - -19. Suppose 3*q = 12, -2*q - 3 = -4*s + u. Suppose -7*v + 6*v - s*d = -11, 5*v + 2*d = 124. What is the units digit of v?
6
Let p = 3393 + 884. What is the units digit of p?
7
Suppose 2890*c = 2881*c + 49887. What is the hundreds digit of c?
5
Let w = 17500 + -3914. What is the hundreds digit of w?
5
What is the units digit of 2/29 + (-2 - 33735046/(-1073))?
8
Let c = -239 + -164. Let b = 652 + c. What is the hundreds digit of b?
2
Suppose 8*u - 3*u - 3*h = -9, h = 3. Suppose 3*c - 9*c - 834 = u. What is the hundreds digit of c/(5/10*-2)?
1
Let d = 10 + -8. Suppose -3*j - 2*r + 486 = -605, 0 = 3*j + r - 1087. Suppose 3*c = -5*l + j, -3*c - 385 = -5*l + d*c. What is the tens digit of l?
7
Suppose -11*x - 43792 = -19*x. What is the thousand